 = 216 + s. Is o a prime number?
True
Let m be 10/6 - (-2)/6. Suppose j = -q - 161, -5*j + 0*j = -m*q + 784. Is j*-2*(-3)/(-12) prime?
True
Let g be 10/(-6) - 34/(-51). Let y = g - -5. Suppose -y*a + 1826 = -2346. Is a a composite number?
True
Let f(o) = -5659*o + 400. Is f(-3) a prime number?
True
Let v = 2699 - -1644. Suppose v = 7*i - 74. Is i a composite number?
False
Let b(w) = -2 - 1 - 6*w + 15. Let z be b(-9). Let a = 257 - z. Is a composite?
False
Let g = 40722 - 13975. Is g a prime number?
False
Suppose 0 = i - 2*u + 7*u - 38181, -u = 2*i - 76380. Is i a composite number?
True
Let q = 5504 + -3477. Is q prime?
True
Suppose -7*s + 38413 + 14878 = 0. Is s prime?
False
Suppose -5*u + 30 = 2*t + 5, -5*t + 106 = -2*u. Suppose z - 115 = -t. Is z composite?
True
Let j = 28 - 20. Let h be 50/20*j/10. Suppose -2*i = 2*y + h*i - 290, i = 4*y - 580. Is y a prime number?
False
Suppose 0 = 3*y - q - 17209, 3*q + 3084 + 2647 = y. Is y composite?
False
Let x(f) = 2*f - 2. Let l be 6/(-15) - (-48)/20. Let y be x(l). Suppose -y*u - 110 = -4*u. Is u a composite number?
True
Suppose 398*f - 279234 = 380*f. Is f a prime number?
False
Let h = -33665 - -47784. Is h a prime number?
False
Let p be (2 + -1 + -1)/2. Let q be 0 + p*1/2. Suppose q = y - 21 - 44. Is y composite?
True
Let x(c) = c**3 - c**2 - 2*c + 2. Let g be x(0). Let w be (-1 - -1)/(-1 + g). Suppose -8*b + 2*b + 798 = w. Is b composite?
True
Let d(f) = -f**2 - 20*f. Let t be -7 - (-4)/((-16)/(-4)). Let q be d(t). Let m = q - -170. Is m a composite number?
True
Let u be -3 + 228 + (2 + 4)/(-2). Suppose 0 = 2*h - 73 - 343. Suppose -u = -5*x + h. Is x composite?
True
Let q = -215 - -104. Is 132/(-18)*q/2 composite?
True
Let n(k) = -k**3 + 8*k**2 - 8*k + 7. Let j be n(7). Is -3 - (-456)/3 - j/(-1) a composite number?
False
Let u(o) = 124*o - 30. Let j be u(4). Let g = j + -207. Is g a composite number?
True
Suppose 0 = 16*q - 20*q, 5*n - 3*q - 18470 = 0. Is n composite?
True
Suppose 4*s + 26 - 3134 = 0. Suppose -4*k + 3491 = -s. Is k a composite number?
True
Suppose 6838 = 40*v - 14*v. Is v prime?
True
Suppose -6*u - 4*h = -5*u - 4129, 16529 = 4*u + 3*h. Is u a composite number?
False
Let u(s) = -s**3 - s**2 + 4*s - 4. Let i be u(-3). Suppose 0 = -i*q + 2235 + 1459. Is q composite?
False
Let s be ((-5)/(10/(-12)))/2. Suppose 0 = -s*r - 2*r + 2050. Suppose -8*g = -13*g + r. Is g a composite number?
True
Let p be (-14)/(-3) + ((-7)/(-3) - 3). Suppose o - p*c = -0*o + 407, 5*c - 1691 = -4*o. Is o a prime number?
True
Suppose 5*h - 20906 = -3*n, -16741 = -4*h - n + 4*n. Is h prime?
False
Suppose -10 = -5*n + 5. Suppose -n*s + 94 = -353. Is s a prime number?
True
Let s = 25 + -24. Let n = s - -66. Is n prime?
True
Let j = 12 - 6. Let k(b) = -b**3 + 10*b**2 + 7*b + 1. Let y(g) = -5*g**3 + 49*g**2 + 35*g + 6. Let t(u) = 11*k(u) - 2*y(u). Is t(j) prime?
True
Let g(n) = -889*n - 2. Let u be g(-2). Suppose -3*p = -u + 435. Is p a composite number?
True
Let y = -2475 + 4604. Is y a prime number?
True
Suppose -3*w + 386 = -4243. Is w prime?
True
Let u(r) be the second derivative of 3*r**4/2 - r**3 + 17*r**2/2 - 23*r. Is u(16) a composite number?
True
Suppose 2*r = -4*m + 3824, -3844 = -16*m + 12*m + 3*r. Is m a prime number?
False
Let l(u) = -u - 7. Let t be l(-6). Let f(n) = -29*n - 1. Let o be f(t). Is o/16*(189 + -1) a prime number?
False
Suppose -7*x + 16 = -5. Suppose x*v + 5*v = 6280. Is v composite?
True
Let o = -169 + 167. Is 3/(-1) + (4 - 264)/o a composite number?
False
Let z be (1032/(-10))/((-7)/280). Suppose -4*d + 7*k - 3*k = -z, 2*k - 1017 = -d. Suppose 4*h - 3*o - 923 - 122 = 0, -4*h - 3*o = -d. Is h a prime number?
False
Let l(f) = -12572*f - 765. Is l(-6) prime?
False
Suppose -4*m + 95 = 2*l - 3, 0 = -3*l + m + 154. Suppose 0 = -y - l + 230. Suppose -y = -r + 182. Is r a prime number?
False
Let r = -10 + 7. Let u be 2/6 - 1361/r. Suppose -372 - u = -7*s. Is s composite?
True
Suppose -3*s + 9 + 2 = c, -13 = -c - 4*s. Suppose -w = c*y - 12, -4 = 2*w - w - 3*y. Is (2/3)/(w/633) a composite number?
False
Let a = -41 - -34. Is (-578)/(-2) - (a + 3) composite?
False
Suppose -5*k - 40 = 5*q, 3*q + 24 = -k - k. Suppose -2*t - 4 = -3*u - 26, t + 2*u + 3 = 0. Is ((-102)/q)/(t/20) a prime number?
False
Suppose -2*d - 32 = 5*h - 3, 2*d - h - 1 = 0. Is ((-2228)/6)/(d/3) a prime number?
True
Suppose -2*l = -0*z + 4*z - 92, 0 = 4*z - 3*l - 82. Let a = -25 + z. Is a + (2/1 - -1142) a composite number?
True
Let q(t) = 91*t + 31. Let d be q(12). Suppose -4*c = -1105 - d. Is c prime?
True
Let n(y) be the third derivative of 7*y**6/30 + y**5/15 - 5*y**4/24 - 13*y**3/6 + 19*y**2. Is n(4) composite?
False
Let t = -3 - 0. Let c be (-651)/14*4/3*-111. Is (c/9)/((-2)/t) a prime number?
False
Let p(k) = 192*k**2 + k. Let r = -27 + 29. Suppose 3*z - l = -2, -r*l - 6 = 2*z + 2*z. Is p(z) a prime number?
True
Let x(i) = -i**2 + 4*i + 10. Let w be x(5). Suppose w*b - 165 - 95 = -5*g, -5*g - 4*b = -265. Is g a prime number?
False
Let b(n) = -n**2 - 2 + 3827*n**3 - 2 + 2 + 3. Is b(1) a composite number?
True
Is 9490512/408 + 1/(-17) a composite number?
True
Suppose -19195 = -5*j + 15300. Is j a prime number?
True
Let x(v) be the second derivative of 83*v**3/2 + 5*v**2/2 + 14*v. Is x(6) prime?
True
Let l = 645 - 120. Suppose 0 = 4*k - l - 103. Is k composite?
False
Suppose w = 2*h + 489, -4*w - 2*h + 0*h + 1966 = 0. Suppose -w = -n + 4*j - 2*j, -5*j = -20. Is n a prime number?
True
Suppose 4*z - 2*b = -4*b + 2, -4*z + 3*b + 27 = 0. Suppose 5*s = -2*p + 4083, -5*s - z*p + 605 + 3482 = 0. Is s a composite number?
True
Suppose a - 5 = 6*a. Let k(u) = -1194*u**3 + 1. Is k(a) composite?
True
Let d(r) = -r**2 + 8*r - 13. Let f be d(5). Is 7332/8*f/3 a prime number?
False
Suppose 1395 = 2*p + 3*p. Suppose 3*q - 130 - 224 = 0. Let z = p + q. Is z a composite number?
False
Let p = 2857 - 1923. Let i = p + -618. Is 0 + i + (4 - 3) composite?
False
Is (130188/18)/((-21)/9 + 3) a composite number?
True
Let b = -270 + 4063. Is b composite?
False
Let z = 802 + 101. Suppose 3*y - l = 1188, 4*y + 4*l - 697 = z. Is y prime?
True
Suppose -p + 25957 = 2*v, 0 = -3*v - 4*p + 31022 + 7911. Is v a composite number?
False
Let s(j) = j**3 + 10*j**2 + 10*j + 18. Let k be s(-9). Let r be k/27 - (-16)/6. Suppose 4*m - m = -5*o + 274, -9 = -r*m. Is o a composite number?
False
Let j be ((-2039)/2)/((-10)/20). Let y = -1352 + j. Suppose -y = -s + 4*z, s + 0*s + z - 677 = 0. Is s prime?
False
Let d(q) = -76*q + 5. Let o be d(-5). Let r(i) = -i**2 - 4*i + 2. Let x be r(-3). Suppose -x*s = -0*s - o. Is s a composite number?
True
Suppose 2*n = q + 26, -3*q + n = 6*n + 23. Let y = -12 - q. Suppose y*h - 2*h - 398 = 0. Is h prime?
True
Suppose 3*h - 170 = -473. Let m = h + 240. Is m composite?
False
Let i(n) = 2*n**3 - 3*n**2 - 7*n. Let u be i(-5). Is u/8*(-5 + -2 + 3) prime?
False
Is 3 + -4 + 67 + -7 a composite number?
False
Let o(i) = -i + 1. Let h(c) = -c**2 - 7*c + 11. Let u(b) = -h(b) + 6*o(b). Let y be u(-5). Suppose -2*x - y + 269 = 0. Is x composite?
False
Let q(g) = -34*g**3 - 2*g**2 + 3*g + 3. Let a be q(-2). Suppose -8*s = -5*s - a. Is s a composite number?
True
Suppose 3*r = -320 - 634. Is r/(0 - 3)*1 prime?
False
Let j = 195 + 202. Is j a prime number?
True
Suppose 3*y = 45109 + 45278. Let s be 6/(-8) + y/44. Suppose 1954 = 5*i + s. Is i prime?
False
Suppose -5*r + 4*o - 3*o + 32610 = 0, 6528 = r + o. Is r prime?
False
Let x(n) = 644*n + 59. Is x(10) composite?
True
Suppose -52*c + 50*c - 3*r = -2560, -2*c + 2548 = -3*r. Is c a prime number?
True
Suppose 30*t - 79211 = 46819. Is t a composite number?
False
Is 9/(-24) + ((-10975)/(-40) - 0) composite?
True
Suppose 95*m = 101*m - 48390. Is m prime?
False
Let x(c) = 34*c + 6. Let y be x(7). Suppose 7*i - y = 617. Is i a prime number?
False
Let s(f) = -2*f**2 + 9*f - 24. Let y be s(6). Is (-76560)/y - 1/(-7) prime?
True
Let z = -3497 - -9054. Is z a composite number?
False
Let f(q) = -225*q + 1. Let w be f(1). Let v = w - -531. Is v a prime number?
True
Let m = -2 - 1. Let l be 1/m - 7/(-3). Suppose 4*f - 107 = -3*w, w - l*f = 3*w - 72. Is w composite?
False
Suppose -6*n + 0*n = 462. Let p = 236 + n. Let l = p - 70. Is l a composite number?
False
Let p(z) = -z - 2. Suppose 2 = 2*w + 16. Let c be 